{"id":9,"date":"2025-12-18T09:32:21","date_gmt":"2025-12-18T09:32:21","guid":{"rendered":"http:\/\/actionsdavenir95.fr\/?page_id=9"},"modified":"2026-03-12T09:01:10","modified_gmt":"2026-03-12T09:01:10","slug":"contact","status":"publish","type":"page","link":"http:\/\/actionsdavenir95.fr\/index.php\/contact\/","title":{"rendered":"Prendre Rendez-Vous"},"content":{"rendered":"\t\t<div data-elementor-type=\"wp-page\" data-elementor-id=\"9\" class=\"elementor elementor-9\">\n\t\t\t\t<div class=\"elementor-element elementor-element-cd31f55 e-flex e-con-boxed e-con e-parent\" data-id=\"cd31f55\" data-element_type=\"container\">\n\t\t\t\t\t<div class=\"e-con-inner\">\n\t\t\t\t<div class=\"elementor-element elementor-element-246c29c elementor-widget elementor-widget-spacer\" data-id=\"246c29c\" data-element_type=\"widget\" data-widget_type=\"spacer.default\">\n\t\t\t\t\t\t\t<div class=\"elementor-spacer\">\n\t\t\t<div class=\"elementor-spacer-inner\"><\/div>\n\t\t<\/div>\n\t\t\t\t\t\t<\/div>\n\t\t\t\t\t<\/div>\n\t\t\t\t<\/div>\n\t\t<div class=\"elementor-element elementor-element-5eecb03 e-flex e-con-boxed e-con e-parent\" data-id=\"5eecb03\" data-element_type=\"container\">\n\t\t\t\t\t<div class=\"e-con-inner\">\n\t\t\t\t<div class=\"elementor-element elementor-element-a0d2ec2 elementor-widget elementor-widget-heading\" data-id=\"a0d2ec2\" data-element_type=\"widget\" data-widget_type=\"heading.default\">\n\t\t\t\t\t<h2 class=\"elementor-heading-title elementor-size-default\">O\u00f9 sommes nous <\/h2>\t\t\t\t<\/div>\n\t\t\t\t\t<\/div>\n\t\t\t\t<\/div>\n\t\t<div class=\"elementor-element elementor-element-58fb1c8 e-flex e-con-boxed e-con e-parent\" data-id=\"58fb1c8\" data-element_type=\"container\">\n\t\t\t\t\t<div class=\"e-con-inner\">\n\t\t\t\t<div class=\"elementor-element elementor-element-b400157 elementor-widget elementor-widget-google_maps\" data-id=\"b400157\" data-element_type=\"widget\" data-widget_type=\"google_maps.default\">\n\t\t\t\t\t\t\t<div class=\"elementor-custom-embed\">\n\t\t\t<iframe loading=\"lazy\"\n\t\t\t\t\tsrc=\"https:\/\/maps.google.com\/maps?q=32%20Bis%20Av.%20du%208%20Mai%201945%2C%2095400%20Villiers-le-Bel&#038;t=m&#038;z=15&#038;output=embed&#038;iwloc=near\"\n\t\t\t\t\ttitle=\"32 Bis Av. du 8 Mai 1945, 95400 Villiers-le-Bel\"\n\t\t\t\t\taria-label=\"32 Bis Av. du 8 Mai 1945, 95400 Villiers-le-Bel\"\n\t\t\t><\/iframe>\n\t\t<\/div>\n\t\t\t\t\t\t<\/div>\n\t\t\t\t\t<\/div>\n\t\t\t\t<\/div>\n\t\t<div class=\"elementor-element elementor-element-af05c58 e-flex e-con-boxed e-con e-parent\" data-id=\"af05c58\" data-element_type=\"container\">\n\t\t\t\t\t<div class=\"e-con-inner\">\n\t\t\t\t<div class=\"elementor-element elementor-element-3618159 elementor-widget elementor-widget-spacer\" data-id=\"3618159\" data-element_type=\"widget\" data-widget_type=\"spacer.default\">\n\t\t\t\t\t\t\t<div class=\"elementor-spacer\">\n\t\t\t<div class=\"elementor-spacer-inner\"><\/div>\n\t\t<\/div>\n\t\t\t\t\t\t<\/div>\n\t\t\t\t\t<\/div>\n\t\t\t\t<\/div>\n\t\t<div class=\"elementor-element elementor-element-43c7758 e-flex e-con-boxed e-con e-parent\" data-id=\"43c7758\" data-element_type=\"container\">\n\t\t\t\t\t<div class=\"e-con-inner\">\n\t\t\t\t<div class=\"elementor-element elementor-element-74f0204 elementor-widget elementor-widget-heading\" data-id=\"74f0204\" data-element_type=\"widget\" data-widget_type=\"heading.default\">\n\t\t\t\t\t<h2 class=\"elementor-heading-title elementor-size-default\">Prenez votre rendez-vous<\/h2>\t\t\t\t<\/div>\n\t\t\t\t\t<\/div>\n\t\t\t\t<\/div>\n\t\t<div class=\"elementor-element elementor-element-ab55117 e-flex e-con-boxed e-con e-parent\" data-id=\"ab55117\" data-element_type=\"container\">\n\t\t\t\t\t<div class=\"e-con-inner\">\n\t\t\t\t<div class=\"elementor-element elementor-element-e2854cf elementor-widget elementor-widget-text-editor\" data-id=\"e2854cf\" data-element_type=\"widget\" data-widget_type=\"text-editor.default\">\n\t\t\t\t\t\t\t\t\t<p>Vous recevrez \u00e0 la suite de la validation de votre formulaire une proposition de date par Email \u00e0 l&rsquo;adresse que vous avez saisi dans le formulaire\u00a0<\/p>\t\t\t\t\t\t\t\t<\/div>\n\t\t\t\t\t<\/div>\n\t\t\t\t<\/div>\n\t\t<div class=\"elementor-element elementor-element-9b268cc e-flex e-con-boxed e-con e-parent\" data-id=\"9b268cc\" data-element_type=\"container\">\n\t\t\t\t\t<div class=\"e-con-inner\">\n\t\t\t\t<div class=\"elementor-element elementor-element-e2759f0 elementor-widget elementor-widget-wpforms\" data-id=\"e2759f0\" data-element_type=\"widget\" data-widget_type=\"wpforms.default\">\n\t\t\t\t<div class=\"elementor-widget-container\">\n\t\t\t\t\t<div class=\"wpforms-container wpforms-container-full wpforms-render-modern\" id=\"wpforms-227\"><form id=\"wpforms-form-227\" class=\"wpforms-validate wpforms-form wpforms-ajax-form\" data-formid=\"227\" method=\"post\" enctype=\"multipart\/form-data\" action=\"\/index.php\/wp-json\/wp\/v2\/pages\/9\" data-token=\"b620801d577ab3a13ae7793f4f884b34\" data-token-time=\"1775404182\"><noscript class=\"wpforms-error-noscript\">Veuillez activer JavaScript dans votre navigateur pour remplir ce formulaire.<\/noscript><div id=\"wpforms-error-noscript\" style=\"display: none;\">Veuillez activer JavaScript dans votre navigateur pour remplir ce formulaire.<\/div><div class=\"wpforms-field-container\">\t\t<div id=\"wpforms-227-field_5-container\"\n\t\t\tclass=\"wpforms-field wpforms-field-text\"\n\t\t\tdata-field-type=\"text\"\n\t\t\tdata-field-id=\"5\"\n\t\t\t>\n\t\t\t<label class=\"wpforms-field-label\" for=\"wpforms-227-field_5\" >votre pour de<\/label>\n\t\t\t<input type=\"text\" id=\"wpforms-227-field_5\" class=\"wpforms-field-medium\" name=\"wpforms[fields][5]\" >\n\t\t<\/div>\n\t\t<div id=\"wpforms-227-field_1-container\" class=\"wpforms-field wpforms-field-name\" data-field-id=\"1\"><label class=\"wpforms-field-label\" for=\"wpforms-227-field_1\">Nom et Pr\u00e9nom <span class=\"wpforms-required-label\" aria-hidden=\"true\">*<\/span><\/label><input type=\"text\" id=\"wpforms-227-field_1\" class=\"wpforms-field-medium wpforms-field-required\" name=\"wpforms[fields][1]\" aria-errormessage=\"wpforms-227-field_1-error\" required><\/div><div id=\"wpforms-227-field_2-container\" class=\"wpforms-field wpforms-field-email\" data-field-id=\"2\"><label class=\"wpforms-field-label\" for=\"wpforms-227-field_2\">Email <span class=\"wpforms-required-label\" aria-hidden=\"true\">*<\/span><\/label><input type=\"email\" id=\"wpforms-227-field_2\" class=\"wpforms-field-medium wpforms-field-required\" name=\"wpforms[fields][2]\" spellcheck=\"false\" aria-errormessage=\"wpforms-227-field_2-error\" required><\/div><div id=\"wpforms-227-field_6-container\" class=\"wpforms-field wpforms-field-text\" data-field-id=\"6\"><label class=\"wpforms-field-label\" for=\"wpforms-227-field_6\">N\u00b0 de t\u00e9l\u00e9phone <span class=\"wpforms-required-label\" aria-hidden=\"true\">*<\/span><\/label><input type=\"text\" id=\"wpforms-227-field_6\" class=\"wpforms-field-medium wpforms-field-required\" name=\"wpforms[fields][6]\" aria-errormessage=\"wpforms-227-field_6-error\" required><\/div><div id=\"wpforms-227-field_4-container\" class=\"wpforms-field wpforms-field-radio\" data-field-id=\"4\"><fieldset><legend class=\"wpforms-field-label\">Motif de votre rendez-vous <span class=\"wpforms-required-label\" aria-hidden=\"true\">*<\/span><\/legend><ul id=\"wpforms-227-field_4\" class=\"wpforms-field-required\"><li class=\"choice-1 depth-1\"><input type=\"radio\" id=\"wpforms-227-field_4_1\" name=\"wpforms[fields][4]\" value=\"CAF\" aria-errormessage=\"wpforms-227-field_4_1-error\" required ><label class=\"wpforms-field-label-inline\" for=\"wpforms-227-field_4_1\">CAF<\/label><\/li><li class=\"choice-2 depth-1\"><input type=\"radio\" id=\"wpforms-227-field_4_2\" name=\"wpforms[fields][4]\" value=\"S\u00e9curit\u00e9 sociale\" aria-errormessage=\"wpforms-227-field_4_2-error\" required ><label class=\"wpforms-field-label-inline\" for=\"wpforms-227-field_4_2\">S\u00e9curit\u00e9 sociale<\/label><\/li><li class=\"choice-3 depth-1\"><input type=\"radio\" id=\"wpforms-227-field_4_3\" name=\"wpforms[fields][4]\" value=\"Retraites\" aria-errormessage=\"wpforms-227-field_4_3-error\" required ><label class=\"wpforms-field-label-inline\" for=\"wpforms-227-field_4_3\">Retraites<\/label><\/li><li class=\"choice-4 depth-1\"><input type=\"radio\" id=\"wpforms-227-field_4_4\" name=\"wpforms[fields][4]\" value=\"Logement\" aria-errormessage=\"wpforms-227-field_4_4-error\" required ><label class=\"wpforms-field-label-inline\" for=\"wpforms-227-field_4_4\">Logement<\/label><\/li><li class=\"choice-5 depth-1\"><input type=\"radio\" id=\"wpforms-227-field_4_5\" name=\"wpforms[fields][4]\" value=\"Avocats\" aria-errormessage=\"wpforms-227-field_4_5-error\" required ><label class=\"wpforms-field-label-inline\" for=\"wpforms-227-field_4_5\">Avocats<\/label><\/li><li class=\"choice-6 depth-1\"><input type=\"radio\" id=\"wpforms-227-field_4_6\" name=\"wpforms[fields][4]\" value=\"Autres\" aria-errormessage=\"wpforms-227-field_4_6-error\" required ><label class=\"wpforms-field-label-inline\" for=\"wpforms-227-field_4_6\">Autres<\/label><\/li><\/ul><\/fieldset><\/div><div id=\"wpforms-227-field_8-container\" class=\"wpforms-field wpforms-field-select wpforms-field-select-style-classic\" data-field-id=\"8\"><label class=\"wpforms-field-label\" for=\"wpforms-227-field_8\">Cr\u00e9neau souhait\u00e9 pour votre rendez-vous<\/label><select id=\"wpforms-227-field_8\" class=\"wpforms-field-medium\" name=\"wpforms[fields][8]\"><option value=\"Matin\u00e9e\"  class=\"choice-1 depth-1\"  >Matin\u00e9e<\/option><option value=\"Apr\u00e8s midi\"  class=\"choice-2 depth-1\"  >Apr\u00e8s midi<\/option><\/select><\/div><div id=\"wpforms-227-field_3-container\" class=\"wpforms-field wpforms-field-textarea\" data-field-id=\"3\"><label class=\"wpforms-field-label\" for=\"wpforms-227-field_3\">Votre message (Facultatif)<\/label><textarea id=\"wpforms-227-field_3\" class=\"wpforms-field-medium\" name=\"wpforms[fields][3]\" aria-errormessage=\"wpforms-227-field_3-error\" ><\/textarea><\/div><div id=\"wpforms-227-field_7-container\" class=\"wpforms-field wpforms-field-checkbox\" data-field-id=\"7\"><fieldset><legend class=\"wpforms-field-label\">Cases \u00e0 cocher <span class=\"wpforms-required-label\" aria-hidden=\"true\">*<\/span><\/legend><ul id=\"wpforms-227-field_7\" class=\"wpforms-field-required\"><li class=\"choice-1 depth-1\"><input type=\"checkbox\" id=\"wpforms-227-field_7_1\" name=\"wpforms[fields][7][]\" value=\"J\u2019accepte la politique de confidentialit\u00e9\" aria-errormessage=\"wpforms-227-field_7_1-error\" aria-describedby=\"wpforms-227-field_7-description\" required ><label class=\"wpforms-field-label-inline\" for=\"wpforms-227-field_7_1\">J\u2019accepte la politique de confidentialit\u00e9<\/label><\/li><\/ul><div id=\"wpforms-227-field_7-description\" class=\"wpforms-field-description\">En cochant cette case, j\u2019accepte que les informations saisies dans ce formulaire soient collect\u00e9es et trait\u00e9es par Actions d\u2019Avenir 95 uniquement dans le cadre de ma demande.\nConform\u00e9ment au R\u00e8glement G\u00e9n\u00e9ral sur la Protection des Donn\u00e9es (RGPD), je dispose d\u2019un droit d\u2019acc\u00e8s, de rectification et de suppression de mes donn\u00e9es personnelles.\nJe peux exercer ces droits en contactant l\u2019association via le formulaire de contact du site.<\/div><\/fieldset><\/div><script>\n\t\t\t\t( function() {\n\t\t\t\t\tconst style = document.createElement( 'style' );\n\t\t\t\t\tstyle.appendChild( document.createTextNode( '#wpforms-227-field_5-container { position: absolute !important; overflow: hidden !important; display: inline !important; height: 1px !important; width: 1px !important; z-index: -1000 !important; padding: 0 !important; } #wpforms-227-field_5-container input { visibility: hidden; } #wpforms-conversational-form-page #wpforms-227-field_5-container label { counter-increment: none; }' ) );\n\t\t\t\t\tdocument.head.appendChild( style );\n\t\t\t\t\tdocument.currentScript?.remove();\n\t\t\t\t} )();\n\t\t\t<\/script><\/div><!-- .wpforms-field-container --><div class=\"wpforms-submit-container\" ><input type=\"hidden\" name=\"wpforms[id]\" value=\"227\"><input type=\"hidden\" name=\"page_title\" value=\"\"><input type=\"hidden\" name=\"page_url\" value=\"http:\/\/actionsdavenir95.fr\/index.php\/wp-json\/wp\/v2\/pages\/9\"><input type=\"hidden\" name=\"url_referer\" value=\"\"><button type=\"submit\" name=\"wpforms[submit]\" id=\"wpforms-submit-227\" class=\"wpforms-submit\" data-alt-text=\"Envoi en cours\" data-submit-text=\"Valider\" aria-live=\"assertive\" value=\"wpforms-submit\">Valider<\/button><img decoding=\"async\" src=\"http:\/\/actionsdavenir95.fr\/wp-content\/plugins\/wpforms-lite\/assets\/images\/submit-spin.svg\" class=\"wpforms-submit-spinner\" style=\"display: none;\" width=\"26\" height=\"26\" alt=\"Chargement en cours\"><\/div><\/form><\/div>  <!-- .wpforms-container -->\t\t\t\t<\/div>\n\t\t\t\t<\/div>\n\t\t\t\t\t<\/div>\n\t\t\t\t<\/div>\n\t\t\t\t<\/div>\n\t\t","protected":false},"excerpt":{"rendered":"<p>O\u00f9 sommes nous Prenez votre rendez-vous Vous recevrez \u00e0 la suite de la validation de votre formulaire une proposition de date par Email \u00e0 l&rsquo;adresse que vous avez saisi dans le formulaire\u00a0 Veuillez activer JavaScript dans votre navigateur pour remplir ce formulaire.Veuillez activer JavaScript dans votre navigateur pour remplir ce formulaire.Nom et Pr\u00e9nom *Email *N\u00b0&hellip;&nbsp;<a href=\"http:\/\/actionsdavenir95.fr\/index.php\/contact\/\" rel=\"bookmark\"><span class=\"screen-reader-text\">Prendre Rendez-Vous<\/span><\/a><\/p>\n","protected":false},"author":1,"featured_media":0,"parent":0,"menu_order":0,"comment_status":"closed","ping_status":"closed","template":"","meta":{"om_disable_all_campaigns":false,"_monsterinsights_skip_tracking":false,"_monsterinsights_sitenote_active":false,"_monsterinsights_sitenote_note":"","_monsterinsights_sitenote_category":0,"neve_meta_sidebar":"","neve_meta_container":"","neve_meta_enable_content_width":"on","neve_meta_content_width":100,"neve_meta_title_alignment":"","neve_meta_author_avatar":"","neve_post_elements_order":"","neve_meta_disable_header":"","neve_meta_disable_footer":"","neve_meta_disable_title":"on","footnotes":""},"class_list":["post-9","page","type-page","status-publish","hentry"],"aioseo_notices":[],"yoast_head":"<!-- This site is optimized with the Yoast SEO plugin v26.6 - https:\/\/yoast.com\/wordpress\/plugins\/seo\/ -->\n<title>Prendre Rendez-Vous - Actions d&#039;avenir<\/title>\n<meta name=\"robots\" content=\"index, follow, max-snippet:-1, max-image-preview:large, max-video-preview:-1\" \/>\n<link rel=\"canonical\" href=\"http:\/\/actionsdavenir95.fr\/index.php\/contact\/\" \/>\n<meta property=\"og:locale\" content=\"fr_FR\" \/>\n<meta property=\"og:type\" content=\"article\" \/>\n<meta property=\"og:title\" content=\"Prendre Rendez-Vous - Actions d&#039;avenir\" \/>\n<meta property=\"og:description\" content=\"O\u00f9 sommes nous Prenez votre rendez-vous Vous recevrez \u00e0 la suite de la validation de votre formulaire une proposition de date par Email \u00e0 l&rsquo;adresse que vous avez saisi dans le formulaire\u00a0 Veuillez activer JavaScript dans votre navigateur pour remplir ce formulaire.Veuillez activer JavaScript dans votre navigateur pour remplir ce formulaire.Nom et Pr\u00e9nom *Email *N\u00b0&hellip;&nbsp;Prendre Rendez-Vous\" \/>\n<meta property=\"og:url\" content=\"http:\/\/actionsdavenir95.fr\/index.php\/contact\/\" \/>\n<meta property=\"og:site_name\" content=\"Actions d&#039;avenir\" \/>\n<meta property=\"article:publisher\" content=\"https:\/\/www.facebook.com\/p\/Actions-dAvenir-95-100070952537895\/\" \/>\n<meta property=\"article:modified_time\" content=\"2026-03-12T09:01:10+00:00\" \/>\n<meta property=\"og:image\" content=\"https:\/\/actionsdavenir95.fr\/wp-content\/plugins\/wpforms-lite\/assets\/images\/submit-spin.svg\" \/>\n<meta name=\"twitter:card\" content=\"summary_large_image\" \/>\n<meta name=\"twitter:label1\" content=\"Dur\u00e9e de lecture estim\u00e9e\" \/>\n\t<meta name=\"twitter:data1\" content=\"1 minute\" \/>\n<script type=\"application\/ld+json\" class=\"yoast-schema-graph\">{\"@context\":\"https:\/\/schema.org\",\"@graph\":[{\"@type\":\"WebPage\",\"@id\":\"http:\/\/actionsdavenir95.fr\/index.php\/contact\/\",\"url\":\"http:\/\/actionsdavenir95.fr\/index.php\/contact\/\",\"name\":\"Prendre Rendez-Vous - Actions d&#039;avenir\",\"isPartOf\":{\"@id\":\"http:\/\/actionsdavenir95.fr\/#website\"},\"primaryImageOfPage\":{\"@id\":\"http:\/\/actionsdavenir95.fr\/index.php\/contact\/#primaryimage\"},\"image\":{\"@id\":\"http:\/\/actionsdavenir95.fr\/index.php\/contact\/#primaryimage\"},\"thumbnailUrl\":\"https:\/\/actionsdavenir95.fr\/wp-content\/plugins\/wpforms-lite\/assets\/images\/submit-spin.svg\",\"datePublished\":\"2025-12-18T09:32:21+00:00\",\"dateModified\":\"2026-03-12T09:01:10+00:00\",\"breadcrumb\":{\"@id\":\"http:\/\/actionsdavenir95.fr\/index.php\/contact\/#breadcrumb\"},\"inLanguage\":\"fr-FR\",\"potentialAction\":[{\"@type\":\"ReadAction\",\"target\":[\"http:\/\/actionsdavenir95.fr\/index.php\/contact\/\"]}]},{\"@type\":\"ImageObject\",\"inLanguage\":\"fr-FR\",\"@id\":\"http:\/\/actionsdavenir95.fr\/index.php\/contact\/#primaryimage\",\"url\":\"https:\/\/actionsdavenir95.fr\/wp-content\/plugins\/wpforms-lite\/assets\/images\/submit-spin.svg\",\"contentUrl\":\"https:\/\/actionsdavenir95.fr\/wp-content\/plugins\/wpforms-lite\/assets\/images\/submit-spin.svg\"},{\"@type\":\"BreadcrumbList\",\"@id\":\"http:\/\/actionsdavenir95.fr\/index.php\/contact\/#breadcrumb\",\"itemListElement\":[{\"@type\":\"ListItem\",\"position\":1,\"name\":\"Accueil\",\"item\":\"http:\/\/actionsdavenir95.fr\/\"},{\"@type\":\"ListItem\",\"position\":2,\"name\":\"Prendre Rendez-Vous\"}]},{\"@type\":\"WebSite\",\"@id\":\"http:\/\/actionsdavenir95.fr\/#website\",\"url\":\"http:\/\/actionsdavenir95.fr\/\",\"name\":\"actionsdavenir95\",\"description\":\"\",\"publisher\":{\"@id\":\"http:\/\/actionsdavenir95.fr\/#organization\"},\"potentialAction\":[{\"@type\":\"SearchAction\",\"target\":{\"@type\":\"EntryPoint\",\"urlTemplate\":\"http:\/\/actionsdavenir95.fr\/?s={search_term_string}\"},\"query-input\":{\"@type\":\"PropertyValueSpecification\",\"valueRequired\":true,\"valueName\":\"search_term_string\"}}],\"inLanguage\":\"fr-FR\"},{\"@type\":\"Organization\",\"@id\":\"http:\/\/actionsdavenir95.fr\/#organization\",\"name\":\"actionsdavenir95\",\"url\":\"http:\/\/actionsdavenir95.fr\/\",\"logo\":{\"@type\":\"ImageObject\",\"inLanguage\":\"fr-FR\",\"@id\":\"http:\/\/actionsdavenir95.fr\/#\/schema\/logo\/image\/\",\"url\":\"https:\/\/actionsdavenir95.fr\/wp-content\/uploads\/2025\/12\/cropped-logo-actions-davenir-1.png\",\"contentUrl\":\"https:\/\/actionsdavenir95.fr\/wp-content\/uploads\/2025\/12\/cropped-logo-actions-davenir-1.png\",\"width\":512,\"height\":512,\"caption\":\"actionsdavenir95\"},\"image\":{\"@id\":\"http:\/\/actionsdavenir95.fr\/#\/schema\/logo\/image\/\"},\"sameAs\":[\"https:\/\/www.facebook.com\/p\/Actions-dAvenir-95-100070952537895\/\"]}]}<\/script>\n<!-- \/ Yoast SEO plugin. -->","yoast_head_json":{"title":"Prendre Rendez-Vous - Actions d&#039;avenir","robots":{"index":"index","follow":"follow","max-snippet":"max-snippet:-1","max-image-preview":"max-image-preview:large","max-video-preview":"max-video-preview:-1"},"canonical":"http:\/\/actionsdavenir95.fr\/index.php\/contact\/","og_locale":"fr_FR","og_type":"article","og_title":"Prendre Rendez-Vous - Actions d&#039;avenir","og_description":"O\u00f9 sommes nous Prenez votre rendez-vous Vous recevrez \u00e0 la suite de la validation de votre formulaire une proposition de date par Email \u00e0 l&rsquo;adresse que vous avez saisi dans le formulaire\u00a0 Veuillez activer JavaScript dans votre navigateur pour remplir ce formulaire.Veuillez activer JavaScript dans votre navigateur pour remplir ce formulaire.Nom et Pr\u00e9nom *Email *N\u00b0&hellip;&nbsp;Prendre Rendez-Vous","og_url":"http:\/\/actionsdavenir95.fr\/index.php\/contact\/","og_site_name":"Actions d&#039;avenir","article_publisher":"https:\/\/www.facebook.com\/p\/Actions-dAvenir-95-100070952537895\/","article_modified_time":"2026-03-12T09:01:10+00:00","og_image":[{"url":"https:\/\/actionsdavenir95.fr\/wp-content\/plugins\/wpforms-lite\/assets\/images\/submit-spin.svg","type":"","width":"","height":""}],"twitter_card":"summary_large_image","twitter_misc":{"Dur\u00e9e de lecture estim\u00e9e":"1 minute"},"schema":{"@context":"https:\/\/schema.org","@graph":[{"@type":"WebPage","@id":"http:\/\/actionsdavenir95.fr\/index.php\/contact\/","url":"http:\/\/actionsdavenir95.fr\/index.php\/contact\/","name":"Prendre Rendez-Vous - Actions d&#039;avenir","isPartOf":{"@id":"http:\/\/actionsdavenir95.fr\/#website"},"primaryImageOfPage":{"@id":"http:\/\/actionsdavenir95.fr\/index.php\/contact\/#primaryimage"},"image":{"@id":"http:\/\/actionsdavenir95.fr\/index.php\/contact\/#primaryimage"},"thumbnailUrl":"https:\/\/actionsdavenir95.fr\/wp-content\/plugins\/wpforms-lite\/assets\/images\/submit-spin.svg","datePublished":"2025-12-18T09:32:21+00:00","dateModified":"2026-03-12T09:01:10+00:00","breadcrumb":{"@id":"http:\/\/actionsdavenir95.fr\/index.php\/contact\/#breadcrumb"},"inLanguage":"fr-FR","potentialAction":[{"@type":"ReadAction","target":["http:\/\/actionsdavenir95.fr\/index.php\/contact\/"]}]},{"@type":"ImageObject","inLanguage":"fr-FR","@id":"http:\/\/actionsdavenir95.fr\/index.php\/contact\/#primaryimage","url":"https:\/\/actionsdavenir95.fr\/wp-content\/plugins\/wpforms-lite\/assets\/images\/submit-spin.svg","contentUrl":"https:\/\/actionsdavenir95.fr\/wp-content\/plugins\/wpforms-lite\/assets\/images\/submit-spin.svg"},{"@type":"BreadcrumbList","@id":"http:\/\/actionsdavenir95.fr\/index.php\/contact\/#breadcrumb","itemListElement":[{"@type":"ListItem","position":1,"name":"Accueil","item":"http:\/\/actionsdavenir95.fr\/"},{"@type":"ListItem","position":2,"name":"Prendre Rendez-Vous"}]},{"@type":"WebSite","@id":"http:\/\/actionsdavenir95.fr\/#website","url":"http:\/\/actionsdavenir95.fr\/","name":"actionsdavenir95","description":"","publisher":{"@id":"http:\/\/actionsdavenir95.fr\/#organization"},"potentialAction":[{"@type":"SearchAction","target":{"@type":"EntryPoint","urlTemplate":"http:\/\/actionsdavenir95.fr\/?s={search_term_string}"},"query-input":{"@type":"PropertyValueSpecification","valueRequired":true,"valueName":"search_term_string"}}],"inLanguage":"fr-FR"},{"@type":"Organization","@id":"http:\/\/actionsdavenir95.fr\/#organization","name":"actionsdavenir95","url":"http:\/\/actionsdavenir95.fr\/","logo":{"@type":"ImageObject","inLanguage":"fr-FR","@id":"http:\/\/actionsdavenir95.fr\/#\/schema\/logo\/image\/","url":"https:\/\/actionsdavenir95.fr\/wp-content\/uploads\/2025\/12\/cropped-logo-actions-davenir-1.png","contentUrl":"https:\/\/actionsdavenir95.fr\/wp-content\/uploads\/2025\/12\/cropped-logo-actions-davenir-1.png","width":512,"height":512,"caption":"actionsdavenir95"},"image":{"@id":"http:\/\/actionsdavenir95.fr\/#\/schema\/logo\/image\/"},"sameAs":["https:\/\/www.facebook.com\/p\/Actions-dAvenir-95-100070952537895\/"]}]}},"_links":{"self":[{"href":"http:\/\/actionsdavenir95.fr\/index.php\/wp-json\/wp\/v2\/pages\/9","targetHints":{"allow":["GET"]}}],"collection":[{"href":"http:\/\/actionsdavenir95.fr\/index.php\/wp-json\/wp\/v2\/pages"}],"about":[{"href":"http:\/\/actionsdavenir95.fr\/index.php\/wp-json\/wp\/v2\/types\/page"}],"author":[{"embeddable":true,"href":"http:\/\/actionsdavenir95.fr\/index.php\/wp-json\/wp\/v2\/users\/1"}],"replies":[{"embeddable":true,"href":"http:\/\/actionsdavenir95.fr\/index.php\/wp-json\/wp\/v2\/comments?post=9"}],"version-history":[{"count":56,"href":"http:\/\/actionsdavenir95.fr\/index.php\/wp-json\/wp\/v2\/pages\/9\/revisions"}],"predecessor-version":[{"id":294,"href":"http:\/\/actionsdavenir95.fr\/index.php\/wp-json\/wp\/v2\/pages\/9\/revisions\/294"}],"wp:attachment":[{"href":"http:\/\/actionsdavenir95.fr\/index.php\/wp-json\/wp\/v2\/media?parent=9"}],"curies":[{"name":"wp","href":"https:\/\/api.w.org\/{rel}","templated":true}]}}